remainder when y is divided by 10.
8
Let d = -13 + 9. What is the remainder when 29 is divided by ((-20)/(-6))/(d/(-18))?
14
Suppose 0 = 106*l - 110*l + 32. Calculate the remainder when l is divided by 3.
2
Suppose 0 = o, -5*o + 0*o = 3*w + 162. What is the remainder when 7/(21/w)*-1 is divided by (1 + -2)/((-1)/10)?
8
Suppose -a = 2 - 81. What is the remainder when a is divided by 21?
16
Let w = 90 + -54. Let g be (0 - 2/2) + -23. Let n = -11 - g. What is the remainder when w is divided by n?
10
Let p = 6 + -2. Suppose -p*g = 5*u + 1 + 60, -2*g - 44 = 4*u. What is the remainder when 23 is divided by 12 - (-3)/u*0?
11
Suppose 0 = 4*h - 3*g - 88, -5*g - 44 = -5*h + 3*h. Let t be (-360)/(-42)*(-8 + 1). Calculate the remainder when h is divided by ((-2)/5)/(2/t).
10
Let c(r) = r**2 + 2*r - 8. Calculate the remainder when 9 is divided by c(-5).
2
Suppose 2*a + 14 = 3*a. Let k(x) = -2*x - 28. What is the remainder when a is divided by k(-18)?
6
Suppose -v + 7 - 4 = 0. Calculate the remainder when 11 is divided by v.
2
Let h(a) = -1. Let s(d) = d**2 - d + 19. Let v(o) = -4*h(o) + s(o). What is the remainder when v(0) is divided by 8?
7
Let a(i) = -i**2 - 31*i - 29. Calculate the remainder when a(-29) is divided by 8.
5
Suppose 45*y - 777 - 1023 = 0. Let r(p) = p**3 - 4*p - 1. Calculate the remainder when y is divided by r(3).
12
Suppose -156 = -0*l - 5*l + 4*g, -5*g - 132 = -4*l. Calculate the remainder when 45 is divided by (24/(-2))/((-21)/l).
13
Let x = 8 - 16. Let y(h) = h**2 - h - 1. What is the remainder when y(x) is divided by 18?
17
Suppose 15 = 2*c + 3*r, -4*c - 5*r = -27 - 0. Let p = 6 + c. Suppose -4*j + 2*q + 23 = -3*j, -3*j = 3*q - 78. Calculate the remainder when j is divided by p.
7
Let v(z) = z**2 + 4*z + 6. Let p(g) = -g**2 + 5*g - 3. What is the remainder when v(0) is divided by p(3)?
0
Let f(y) = -10*y + 7. Let a = -30 - -42. Calculate the remainder when f(-4) is divided by a.
11
What is the remainder when 15 is divided by 4/(-34) - 2070/(-255)?
7
Let j = 4 - 7. Let d = 9 + j. What is the remainder when -1 + 1 + -1 + 18 is divided by d?
5
Suppose -3*v + 57 = n - 56, 4*v = -4*n + 148. What is the remainder when v is divided by 14?
10
Let n = 34 + -17. Suppose -327 = -5*d - 3*r, 3*d - r = 2*r + 201. What is the remainder when d is divided by n?
15
Suppose 0 = g - 2*v - 67, -4*g - v = -8*g + 247. Calculate the remainder when g is divided by 33.
28
Let z = 7 - 1. Let x(j) = -j**3 - 11*j**2 + j + 11. Let b be x(-11). Calculate the remainder when 19 is divided by (-1 - z)/(-1 + b).
5
Let j = 1 - -13. Suppose 0 = i + 5*u - 22, 5*i - 6*i + 4*u - j = 0. Suppose -i*h + 7 = -3*w - 7, 3*w = h - 1. Calculate the remainder when 25 is divided by h.
12
Let t be 1*((-5)/(-1) + 2). Suppose -2*p + t + 3 = 0. Let z = 22 + -14. Calculate the remainder when z is divided by p.
3
Suppose y + 5 = 22. Calculate the remainder when 66 is divided by y.
15
Suppose 5*f + 11 + 4 = 0. Calculate the remainder when 111 is divided by f - (-4)/((-16)/(-124)).
27
Let g(v) = -v**3 + 5*v**2 + 6*v - 1. Let d be g(6). Let q = d - -4. What is the remainder when 11 is divided by q?
2
Let f(w) = w**2 + 7*w - 6. Let q be f(-8). Suppose -5*l = -q*l - 15. Calculate the remainder when 14 is divided by l.
4
Let z = 4 + -3. Let x be z + -3 - (-22)/(-2). Let t = -6 - x. Calculate the remainder when 12 is divided by t.
5
Let s(g) = 4*g**2 + 5*g + 1. Calculate the remainder when s(-4) is divided by 12.
9
Let b = -18 + 33. Let s(d) = 4*d. Let i = 8 - 6. Calculate the remainder when b is divided by s(i).
7
Suppose 5*k - 3*r = 725, 0 = r + 7 - 2. Calculate the remainder when k is divided by 36.
34
Let b(w) = -2*w**3 - 5*w**2 + 5*w + 1. Calculate the remainder when b(-4) is divided by 6.
5
Let v = 72 - 47. What is the remainder when 69 is divided by v?
19
Let q(k) = k**3 - 6*k**2 + 4*k + 3. Let s be q(5). Let d = 15 + s. Calculate the remainder when 49 is divided by d.
10
Let g(f) = -f**3 - f**2 - f - 3. What is the remainder when g(-4) is divided by 13?
10
Let v = 27 + -13. Let w(i) = -2*i + 16. Calculate the remainder when w(-12) is divided by v.
12
What is the remainder when 109 is divided by (-8)/(-1*(-3)/(-6))?
13
What is the remainder when (-1 + 95/15)*15/4 is divided by 11?
9
Let r(c) = -c**3 - 6*c**2 - 3*c - 6. Let n be r(-6). Suppose w = -0*w + n. What is the remainder when w is divided by 7?
5
Suppose 0 = -u + 62 + 12. Suppose -5*p + 4*r + u = 8, 5*p - 34 = -4*r. Calculate the remainder when 27 is divided by p.
7
Suppose 4*s - 2*s = 36. Calculate the remainder when s is divided by 7.
4
Let g(k) = -k - 4. Let s be g(-4). Suppose -p + 0 + 13 = s. Suppose -2*j = r - 46, 40 = r - 0*r + 5*j. What is the remainder when r is divided by p?
11
Suppose -2*z + 68 - 20 = 0. Suppose -h + 68 = z. Calculate the remainder when h is divided by 23.
21
Suppose 6*f - 456 = f + 4*s, 3*f - 3*s = 273. Calculate the remainder when f is divided by 31.
30
Let h(c) = c**3 - 2*c**2 + 8*c - 6. Calculate the remainder when 134 is divided by h(3).
26
Suppose -3*l + 47 = 3*v - 67, -2*v - 140 = -4*l. Calculate the remainder when l is divided by 10.
6
Calculate the remainder when 75/5 + (-9)/(-3) is divided by 4.
2
Let i = 83 - 152. Suppose -3*n + 6*n = -141. Let t = n - i. Calculate the remainder when 42 is divided by t.
20
Suppose 4*o - 2*s - 54 = 0, 10*o + 9 = 12*o + 5*s. What is the remainder when o is divided by 1?
0
Calculate the remainder when 80 is divided by 41/(-2)*(17 - 19).
39
Suppose 0*m = -2*m. Suppose -3*t - t + 8 = m. What is the remainder when 5 is divided by t?
1
Let w = -45 + 67. Let m = -10 + 4. Let i(s) = s**3 + 6*s**2 - 2*s. What is the remainder when w is divided by i(m)?
10
Let c(v) = -3*v**3 - v**2 - 3*v - 1. Suppose 4*f + 1 = -2*m + 3*f, 2*m = -2*f - 4. What is the remainder when c(-2) is divided by (-18)/(-4)*(m + 1)?
7
Suppose 4*s - 24 = -2*q, 5 = -s + 4. What is the remainder when 13 is divided by q/4*2*1?
6
Let d = 62 - 0. Suppose -4*n - 4*y + 60 = n, 2*n - 22 = -2*y. Calculate the remainder when d is divided by n.
14
Suppose -i + 49 = -0*i. Suppose i = 3*v - 2. What is the remainder when (-5 - -2) + 2 + 50 is divided by v?
15
Suppose 0 = 2*c - 3 - 13. Let v = -10 + 19. Let z = v - 6. Calculate the remainder when c is divided by z.
2
Let r = -4 - -8. Calculate the remainder when 13 is divided by r.
1
What is the remainder when 79 is divided by (-18)/24 + 230/8?
23
Suppose 2*f - 100 = -2*t - f, -f + 2 = 0. What is the remainder when t is divided by 10?
7
Suppose 0 = -5*s + 4*l + 67, -3*s - 4*l = 8 - 29. What is the remainder when 41 is divided by s?
8
Suppose -8*z = -3*z. Let i(s) = 2*s**2 + 2*s - 25. Let t(l) = 5*l**2 + 5*l - 74. Let h(g) = 8*i(g) - 3*t(g). What is the remainder when h(z) is divided by 12?
10
Let y(z) = z**3 - 29*z**2 - 30*z + 22. Calculate the remainder when 87 is divided by y(30).
21
Suppose v = 3*v - 18. What is the remainder when v is divided by (-1)/(1/5*-1)?
4
Suppose -96 = -2*j + 2*g, -j - 3*j + 190 = -2*g. Calculate the remainder when j is divided by 12.
11
Calculate the remainder when 19 is divided by -1*2/6*(-3 - 36).
6
What is the remainder when 75 is divided by (-3)/18 + 635/30?
12
Suppose -2*m + 36 = -200. Calculate the remainder when m is divided by 5.
3
Let p be 6/((9/(-2))/(-3)). Suppose y = -p*y + 20. What is the remainder when 6 is divided by y?
2
Suppose -2*s = -4*s + 32. What is the remainder when 44 is divided by s?
12
Suppose -3*x + 22 = -44. What is the remainder when x is divided by 6?
4
Let q(g) = 3*g + 9. Calculate the remainder when q(10) is divided by 14.
11
Suppose -o + 102 = -5*f + 278, 0 = -5*o - 5. Calculate the remainder when f is divided by 6*3/24 - (-980)/80.
9
Let t(p) = -p**2 + 2*p. Let r be t(-2). Let y = 11 + r. Calculate the remainder when 4 is divided by y.
1
Let g be (-10 - -1)*3/9. Let s = 50 + -24. Calculate the remainder when s is divided by 7*(g - (1 + -6)).
12
Suppose v - 4*v + 33 = 0. What is the remainder when 52 is divided by v?
8
Let t = -91 + 109. Calculate the remainder when 58 is divided by t.
4
Let v(j) = 5*j**2 - 4. Suppose 5*f + 4*n - 55 = 0, 0 = -5*f - 2*n - 28 + 83. What is the remainder when v(3) is divided by f?
8
Let o = 8 - -21. What is the remainder when o is divided by 15?
14
Let v(a) = -a**3 - a